{"id":224,"date":"2017-01-03T00:17:02","date_gmt":"2017-01-02T23:17:02","guid":{"rendered":"https:\/\/pension-brigitte-henkel.de\/?page_id=224"},"modified":"2025-12-07T18:58:29","modified_gmt":"2025-12-07T17:58:29","slug":"apartamentos-vacacionales","status":"publish","type":"page","link":"https:\/\/pension-brigitte-henkel.de\/es\/apartamentos-vacacionales\/","title":{"rendered":"apartamentos vacacionales"},"content":{"rendered":"<div data-elementor-type=\"wp-page\" data-elementor-id=\"224\" class=\"elementor elementor-224\" data-elementor-post-type=\"page\">\n\t\t\t\t\t\t<section class=\"elementor-section elementor-top-section elementor-element elementor-element-284c09b4 elementor-section-boxed elementor-section-height-default elementor-section-height-default\" data-id=\"284c09b4\" data-element_type=\"section\" data-e-type=\"section\">\n\t\t\t\t\t\t<div class=\"elementor-container elementor-column-gap-default\">\n\t\t\t\t\t<div class=\"elementor-column elementor-col-100 elementor-top-column elementor-element elementor-element-3f20d844\" data-id=\"3f20d844\" data-element_type=\"column\" data-e-type=\"column\">\n\t\t\t<div class=\"elementor-widget-wrap elementor-element-populated\">\n\t\t\t\t\t\t<div class=\"elementor-element elementor-element-3f542b19 elementor-widget elementor-widget-text-editor\" data-id=\"3f542b19\" data-element_type=\"widget\" data-e-type=\"widget\" data-widget_type=\"text-editor.default\">\n\t\t\t\t<div class=\"elementor-widget-container\">\n\t\t\t\t\t\t\t\t\t<figure><img decoding=\"async\" src=\"https:\/\/pension-brigitte-henkel.de\/wp-content\/uploads\/2025\/07\/Fruechstueck_Ferienwohnung_DE_com_ver-1024x430.png\" alt=\"\" \/><\/figure>\n<p><!-- \/wp:image --><!-- wp:heading --><\/p>\n<h2>Apartamentos vacacionales con car\u00e1cter propio<\/h2>\n<p>\u00a0<\/p>\n<p>Mis dos apartamentos vacacionales se encuentran en una casa con entramado de madera del siglo XVII. La casa ha sido habitada por varias generaciones. Mis abuelos compraron finalmente esta casa de entramado de madera tan especial en pleno centro del pueblo. En aquella \u00e9poca, la localidad de Wolf, a orillas del Mosela, era a\u00fan incre\u00edblemente animada y la comunidad del pueblo era mucho m\u00e1s grande. Mi abuela Charlotte pudo hacerse cargo de esta casita. Con el paso de los a\u00f1os se construyeron m\u00e1s casas. Con mucho esfuerzo y la ayuda de todos los primos y parientes, mis padres construyeron, en gran parte por su cuenta, dos casas m\u00e1s.\u00a0<\/p>\n<p>\u00a0<\/p>\n<p>M\u00e1s tarde, como hija de la familia, tuve el privilegio de hacerme cargo de mi pensi\u00f3n en el coraz\u00f3n de Wolf. Gracias a unas generosas obras de renovaci\u00f3n, los apartamentos vacacionales se renovaron con un estilo moderno, sin alterar su car\u00e1cter propio. Con esta fusi\u00f3n de elementos modernos y antiguos, la antigua casa de entramado de madera cuenta su historia \u00fanica y caracter\u00edstica con un nuevo esplendor.\u00a0 \u00a0<\/p>\n<p>\u00a0<\/p>\n<h2>Echa un vistazo a mis apartamentos vacacionales<\/h2>\n<p>\u00a0<\/p>\n<p>Disfrute de mis apartamentos vacacionales y aproveche las ventajas de disponer de cocina propia con zona de estar y sal\u00f3n independiente. Llevamos m\u00e1s de 40 a\u00f1os recibiendo hu\u00e9spedes en mis apartamentos vacacionales en Wolf. Mis apartamentos vacacionales son c\u00f3modos y aptos para ni\u00f1os. Mi pensi\u00f3n se encuentra a solo 50 metros del Mosela. En un radio de unos cientos de metros de mi pensi\u00f3n encontrar\u00e1 varios\u00a0<a href=\"https:\/\/pension-brigitte-henkel.de\/es\/wir-kuemmern-uns-sie-geniessen-2\/\">Restaurantes<\/a>\u00a0y tabernas. En una taberna, el viticultor invita a los hu\u00e9spedes a degustar sus productos regionales y sus propios vinos. Una taberna le invita a tomar una copa de vino al sol en un hermoso jard\u00edn.<\/p>\n<p>\u00a0<\/p>\n<h3>Apartamentos vacacionales en el centro del pueblo y cerca de la\u00a0<strong>Mosela<\/strong><\/h3>\n<p>\u00a0<\/p>\n<p>\u00a0<\/p>\n<ul>\n<li style=\"list-style-type: none;\">\n<ul>\n<li><strong>Ubicaci\u00f3n de ensue\u00f1o:<\/strong>\u00a0Ubicaci\u00f3n c\u00e9ntrica en el centro del pueblo y a solo 50 metros del Mosela.<\/li>\n<\/ul>\n<\/li>\n<\/ul>\n<p>\u00a0<\/p>\n<ul>\n<li style=\"list-style-type: none;\">\n<ul>\n<li>Ambiente moderno: equipamiento c\u00f3modo y adecuado para ni\u00f1os.<\/li>\n<\/ul>\n<\/li>\n<\/ul>\n<p>\u00a0<\/p>\n<ul>\n<li style=\"list-style-type: none;\">\n<ul>\n<li><strong>Apto para familias: <\/strong>Yo<strong>\u00a0<\/strong>Me ocupar\u00e9 personalmente de usted.<\/li>\n<\/ul>\n<\/li>\n<\/ul>\n<p>\u00a0<\/p>\n<ul>\n<li style=\"list-style-type: none;\">\n<ul>\n<li><strong>Tiendas:\u00a0<\/strong>A cuatro kil\u00f3metros de distancia encontrar\u00e1 varios\u00a0<a href=\"https:\/\/pension-brigitte-henkel.de\/es\/instalaciones-en-los-alrededores-de-wolf\/\">Supermercados<\/a><\/li>\n<\/ul>\n<\/li>\n<\/ul>\n<p>\u00a0<\/p>\n<ul>\n<li style=\"list-style-type: none;\">\n<ul>\n<li><strong>Gastronom\u00eda:\u00a0<\/strong>Varios restaurantes para disfrutar de una deliciosa comida y una buena copa de vino del Mosela.<\/li>\n<\/ul>\n<\/li>\n<\/ul>\n<p>\u00a0<\/p>\n<p>\u00a0<\/p>\n<h3>El equipamiento de los apartamentos vacacionales |  Precios de los apartamentos vacacionales<\/h3>\n<p>\u00a0<\/p>\n<p>\u00a0<\/p>\n<ul>\n<li style=\"list-style-type: none;\">\n<ul>\n<li>Internet: WLAN gratuito<\/li>\n<\/ul>\n<\/li>\n<\/ul>\n<p>\u00a0<\/p>\n<ul>\n<li style=\"list-style-type: none;\">\n<ul>\n<li>Cocina: equipada con nevera, fogones, hervidor de agua, cuberter\u00eda y una c\u00f3moda zona para sentarse.<\/li>\n<\/ul>\n<\/li>\n<\/ul>\n<p>\u00a0<\/p>\n<ul>\n<li style=\"list-style-type: none;\">\n<ul>\n<li>Sanitarios: ducha con WC.<\/li>\n<\/ul>\n<\/li>\n<\/ul>\n<p>\u00a0<\/p>\n<ul>\n<li style=\"list-style-type: none;\">\n<ul>\n<li>Sala de estar independiente con Smart TV<\/li>\n<\/ul>\n<\/li>\n<\/ul>\n<p>\u00a0<\/p>\n<ul>\n<li style=\"list-style-type: none;\">\n<ul>\n<li>Dormitorio: ropa de cama disponible, por favor traiga sus propias toallas.<\/li>\n<\/ul>\n<\/li>\n<\/ul>\n<p><!-- \/wp:list-item --><\/p>\n<p><!-- \/wp:list --><\/p>\t\t\t\t\t\t\t\t<\/div>\n\t\t\t\t<\/div>\n\t\t\t\t\t<\/div>\n\t\t<\/div>\n\t\t\t\t\t<\/div>\n\t\t<\/section>\n\t\t\t\t<\/div>","protected":false},"excerpt":{"rendered":"<p>Pisos de vacaciones con car\u00e1cter propio Mis dos pisos de vacaciones se encuentran en una casa con entramado de madera del siglo XVII. Esta casa de entramado de madera ha sido habitada durante generaciones. Mis abuelos compraron esta casa con entramado de madera en pleno centro del pueblo. Por aquel entonces, el pueblo de Wolf an der Mosel a\u00fan era incre\u00edblemente animado y la comunidad del pueblo era mucho mayor. Mi abuela... <\/p>\n<div class=\"clear\"><\/div>\n<p><a href=\"https:\/\/pension-brigitte-henkel.de\/es\/apartamentos-vacacionales\/\" class=\"excerpt-read-more\">Continuar leyendo<i class=\"fa fa-long-arrow-right icon-long-arrow-right\"><\/i><\/a><\/p>","protected":false},"author":1,"featured_media":0,"parent":0,"menu_order":0,"comment_status":"closed","ping_status":"closed","template":"","meta":{"footnotes":""},"class_list":["post-224","page","type-page","status-publish","hentry"],"yoast_head":"<!-- This site is optimized with the Yoast SEO Premium plugin v26.4 (Yoast SEO v27.4) - https:\/\/yoast.com\/product\/yoast-seo-premium-wordpress\/ -->\n<title>Pension Henkel Ferienwohnungen | Feriwohnung<\/title>\n<meta name=\"description\" content=\"Wir bieten Ferienwohung(en) und Appartments an in einem romantischen Fachwerkhaus zentral gelegen in Traben-Trarbach\/Wolf an der Mosel.\" \/>\n<meta name=\"robots\" content=\"index, follow, max-snippet:-1, max-image-preview:large, max-video-preview:-1\" \/>\n<link rel=\"canonical\" href=\"https:\/\/pension-brigitte-henkel.de\/es\/apartamentos-vacacionales\/\" \/>\n<meta property=\"og:locale\" content=\"es_ES\" \/>\n<meta property=\"og:type\" content=\"article\" \/>\n<meta property=\"og:title\" content=\"Ferienwohnungen\" \/>\n<meta property=\"og:description\" content=\"Wir bieten Ferienwohung(en) und Appartments an in einem romantischen Fachwerkhaus zentral gelegen in Traben-Trarbach\/Wolf an der Mosel.\" \/>\n<meta property=\"og:url\" content=\"https:\/\/pension-brigitte-henkel.de\/es\/apartamentos-vacacionales\/\" \/>\n<meta property=\"og:site_name\" content=\"Pension Brigitte Henkel\" \/>\n<meta property=\"article:modified_time\" content=\"2025-12-07T17:58:29+00:00\" \/>\n<meta property=\"og:image\" content=\"https:\/\/pension-brigitte-henkel.de\/wp-content\/uploads\/2025\/07\/Fruechstueck_Ferienwohnung_DE_com_ver-1024x430.png\" \/>\n<meta name=\"twitter:card\" content=\"summary_large_image\" \/>\n<meta name=\"twitter:label1\" content=\"Tiempo de lectura\" \/>\n\t<meta name=\"twitter:data1\" content=\"3 minutos\" \/>\n<!-- \/ Yoast SEO Premium plugin. -->","yoast_head_json":{"title":"Pensi\u00f3n Henkel Apartamentos vacacionales | Apartamento vacacional","description":"Ofrecemos apartamentos y pisos vacacionales en una rom\u00e1ntica casa de entramado de madera situada en el centro de Traben-Trarbach\/Wolf, a orillas del Mosela.","robots":{"index":"index","follow":"follow","max-snippet":"max-snippet:-1","max-image-preview":"max-image-preview:large","max-video-preview":"max-video-preview:-1"},"canonical":"https:\/\/pension-brigitte-henkel.de\/es\/apartamentos-vacacionales\/","og_locale":"es_ES","og_type":"article","og_title":"Ferienwohnungen","og_description":"Wir bieten Ferienwohung(en) und Appartments an in einem romantischen Fachwerkhaus zentral gelegen in Traben-Trarbach\/Wolf an der Mosel.","og_url":"https:\/\/pension-brigitte-henkel.de\/es\/apartamentos-vacacionales\/","og_site_name":"Pension Brigitte Henkel","article_modified_time":"2025-12-07T17:58:29+00:00","og_image":[{"url":"https:\/\/pension-brigitte-henkel.de\/wp-content\/uploads\/2025\/07\/Fruechstueck_Ferienwohnung_DE_com_ver-1024x430.png","type":"","width":"","height":""}],"twitter_card":"summary_large_image","twitter_misc":{"Tiempo de lectura":"3 minutos"},"schema":{"@context":"https:\/\/schema.org","@graph":[{"@type":"WebPage","@id":"https:\/\/pension-brigitte-henkel.de\/ferienwohnungen\/","url":"https:\/\/pension-brigitte-henkel.de\/ferienwohnungen\/","name":"Pensi\u00f3n Henkel Apartamentos vacacionales | Apartamento vacacional","isPartOf":{"@id":"https:\/\/pension-brigitte-henkel.de\/#website"},"primaryImageOfPage":{"@id":"https:\/\/pension-brigitte-henkel.de\/ferienwohnungen\/#primaryimage"},"image":{"@id":"https:\/\/pension-brigitte-henkel.de\/ferienwohnungen\/#primaryimage"},"thumbnailUrl":"https:\/\/pension-brigitte-henkel.de\/wp-content\/uploads\/2025\/07\/Fruechstueck_Ferienwohnung_DE_com_ver-1024x430.png","datePublished":"2017-01-02T23:17:02+00:00","dateModified":"2025-12-07T17:58:29+00:00","description":"Ofrecemos apartamentos y pisos vacacionales en una rom\u00e1ntica casa de entramado de madera situada en el centro de Traben-Trarbach\/Wolf, a orillas del Mosela.","breadcrumb":{"@id":"https:\/\/pension-brigitte-henkel.de\/ferienwohnungen\/#breadcrumb"},"inLanguage":"es","potentialAction":[{"@type":"ReadAction","target":["https:\/\/pension-brigitte-henkel.de\/ferienwohnungen\/"]}]},{"@type":"ImageObject","inLanguage":"es","@id":"https:\/\/pension-brigitte-henkel.de\/ferienwohnungen\/#primaryimage","url":"https:\/\/pension-brigitte-henkel.de\/wp-content\/uploads\/2025\/07\/Fruechstueck_Ferienwohnung_DE_com_ver-1024x430.png","contentUrl":"https:\/\/pension-brigitte-henkel.de\/wp-content\/uploads\/2025\/07\/Fruechstueck_Ferienwohnung_DE_com_ver-1024x430.png"},{"@type":"BreadcrumbList","@id":"https:\/\/pension-brigitte-henkel.de\/ferienwohnungen\/#breadcrumb","itemListElement":[{"@type":"ListItem","position":1,"name":"Startseite","item":"https:\/\/pension-brigitte-henkel.de\/"},{"@type":"ListItem","position":2,"name":"Ferienwohnungen"}]},{"@type":"WebSite","@id":"https:\/\/pension-brigitte-henkel.de\/#website","url":"https:\/\/pension-brigitte-henkel.de\/","name":"Pensi\u00f3n Brigitte Henkel","description":"Anfitriona con coraz\u00f3n en Wolf\/Traben-Trarbach, a orillas del Mosela","publisher":{"@id":"https:\/\/pension-brigitte-henkel.de\/#organization"},"potentialAction":[{"@type":"SearchAction","target":{"@type":"EntryPoint","urlTemplate":"https:\/\/pension-brigitte-henkel.de\/?s={search_term_string}"},"query-input":{"@type":"PropertyValueSpecification","valueRequired":true,"valueName":"search_term_string"}}],"inLanguage":"es"},{"@type":"Organization","@id":"https:\/\/pension-brigitte-henkel.de\/#organization","name":"Pensi\u00f3n Brigitte Henkel","url":"https:\/\/pension-brigitte-henkel.de\/","logo":{"@type":"ImageObject","inLanguage":"es","@id":"https:\/\/pension-brigitte-henkel.de\/#\/schema\/logo\/image\/","url":"https:\/\/pension-brigitte-henkel.de\/wp-content\/uploads\/2020\/08\/Logo-transparent.png","contentUrl":"https:\/\/pension-brigitte-henkel.de\/wp-content\/uploads\/2020\/08\/Logo-transparent.png","width":534,"height":123,"caption":"Pension Brigitte Henkel"},"image":{"@id":"https:\/\/pension-brigitte-henkel.de\/#\/schema\/logo\/image\/"}}]}},"_links":{"self":[{"href":"https:\/\/pension-brigitte-henkel.de\/es\/wp-json\/wp\/v2\/pages\/224","targetHints":{"allow":["GET"]}}],"collection":[{"href":"https:\/\/pension-brigitte-henkel.de\/es\/wp-json\/wp\/v2\/pages"}],"about":[{"href":"https:\/\/pension-brigitte-henkel.de\/es\/wp-json\/wp\/v2\/types\/page"}],"author":[{"embeddable":true,"href":"https:\/\/pension-brigitte-henkel.de\/es\/wp-json\/wp\/v2\/users\/1"}],"replies":[{"embeddable":true,"href":"https:\/\/pension-brigitte-henkel.de\/es\/wp-json\/wp\/v2\/comments?post=224"}],"version-history":[{"count":9,"href":"https:\/\/pension-brigitte-henkel.de\/es\/wp-json\/wp\/v2\/pages\/224\/revisions"}],"predecessor-version":[{"id":5886,"href":"https:\/\/pension-brigitte-henkel.de\/es\/wp-json\/wp\/v2\/pages\/224\/revisions\/5886"}],"wp:attachment":[{"href":"https:\/\/pension-brigitte-henkel.de\/es\/wp-json\/wp\/v2\/media?parent=224"}],"curies":[{"name":"wp","href":"https:\/\/api.w.org\/{rel}","templated":true}]}}

<div data-elementor-type="wp-page" data-elementor-id="224" class="elementor elementor-224" data-elementor-post-type="page">
						<section class="elementor-section elementor-top-section elementor-element elementor-element-284c09b4 elementor-section-boxed elementor-section-height-default elementor-section-height-default" data-id="284c09b4" data-element_type="section" data-e-type="section">
						<div class="elementor-container elementor-column-gap-default">
					<div class="elementor-column elementor-col-100 elementor-top-column elementor-element elementor-element-3f20d844" data-id="3f20d844" data-element_type="column" data-e-type="column">
			<div class="elementor-widget-wrap elementor-element-populated">
						<div class="elementor-element elementor-element-3f542b19 elementor-widget elementor-widget-text-editor" data-id="3f542b19" data-element_type="widget" data-e-type="widget" data-widget_type="text-editor.default">
				<div class="elementor-widget-container">
									<figure><img decoding="async" src="https://pension-brigitte-henkel.de/wp-content/uploads/2025/07/Fruechstueck_Ferienwohnung_DE_com_ver-1024x430.png" alt="" /></figure>
<p><!-- /wp:image --><!-- wp:heading --></p>
<h2>Apartamentos vacacionales con carácter propio</h2>
<p> </p>
<p>Mis dos apartamentos vacacionales se encuentran en una casa con entramado de madera del siglo XVII. La casa ha sido habitada por varias generaciones. Mis abuelos compraron finalmente esta casa de entramado de madera tan especial en pleno centro del pueblo. En aquella época, la localidad de Wolf, a orillas del Mosela, era aún increíblemente animada y la comunidad del pueblo era mucho más grande. Mi abuela Charlotte pudo hacerse cargo de esta casita. Con el paso de los años se construyeron más casas. Con mucho esfuerzo y la ayuda de todos los primos y parientes, mis padres construyeron, en gran parte por su cuenta, dos casas más. </p>
<p> </p>
<p>Más tarde, como hija de la familia, tuve el privilegio de hacerme cargo de mi pensión en el corazón de Wolf. Gracias a unas generosas obras de renovación, los apartamentos vacacionales se renovaron con un estilo moderno, sin alterar su carácter propio. Con esta fusión de elementos modernos y antiguos, la antigua casa de entramado de madera cuenta su historia única y característica con un nuevo esplendor.   </p>
<p> </p>
<h2>Echa un vistazo a mis apartamentos vacacionales</h2>
<p> </p>
<p>Disfrute de mis apartamentos vacacionales y aproveche las ventajas de disponer de cocina propia con zona de estar y salón independiente. Llevamos más de 40 años recibiendo huéspedes en mis apartamentos vacacionales en Wolf. Mis apartamentos vacacionales son cómodos y aptos para niños. Mi pensión se encuentra a solo 50 metros del Mosela. En un radio de unos cientos de metros de mi pensión encontrará varios <a href="https://pension-brigitte-henkel.de/es/wir-kuemmern-uns-sie-geniessen-2/">Restaurantes</a> y tabernas. En una taberna, el viticultor invita a los huéspedes a degustar sus productos regionales y sus propios vinos. Una taberna le invita a tomar una copa de vino al sol en un hermoso jardín.</p>
<p> </p>
<h3>Apartamentos vacacionales en el centro del pueblo y cerca de la <strong>Mosela</strong></h3>
<p> </p>
<p> </p>
<ul>
<li style="list-style-type: none;">
<ul>
<li><strong>Ubicación de ensueño:</strong> Ubicación céntrica en el centro del pueblo y a solo 50 metros del Mosela.</li>
</ul>
</li>
</ul>
<p> </p>
<ul>
<li style="list-style-type: none;">
<ul>
<li>Ambiente moderno: equipamiento cómodo y adecuado para niños.</li>
</ul>
</li>
</ul>
<p> </p>
<ul>
<li style="list-style-type: none;">
<ul>
<li><strong>Apto para familias: </strong>Yo<strong> </strong>Me ocuparé personalmente de usted.</li>
</ul>
</li>
</ul>
<p> </p>
<ul>
<li style="list-style-type: none;">
<ul>
<li><strong>Tiendas: </strong>A cuatro kilómetros de distancia encontrará varios <a href="https://pension-brigitte-henkel.de/es/instalaciones-en-los-alrededores-de-wolf/">Supermercados</a></li>
</ul>
</li>
</ul>
<p> </p>
<ul>
<li style="list-style-type: none;">
<ul>
<li><strong>Gastronomía: </strong>Varios restaurantes para disfrutar de una deliciosa comida y una buena copa de vino del Mosela.</li>
</ul>
</li>
</ul>
<p> </p>
<p> </p>
<h3>El equipamiento de los apartamentos vacacionales |  Precios de los apartamentos vacacionales</h3>
<p> </p>
<p> </p>
<ul>
<li style="list-style-type: none;">
<ul>
<li>Internet: WLAN gratuito</li>
</ul>
</li>
</ul>
<p> </p>
<ul>
<li style="list-style-type: none;">
<ul>
<li>Cocina: equipada con nevera, fogones, hervidor de agua, cubertería y una cómoda zona para sentarse.</li>
</ul>
</li>
</ul>
<p> </p>
<ul>
<li style="list-style-type: none;">
<ul>
<li>Sanitarios: ducha con WC.</li>
</ul>
</li>
</ul>
<p> </p>
<ul>
<li style="list-style-type: none;">
<ul>
<li>Sala de estar independiente con Smart TV</li>
</ul>
</li>
</ul>
<p> </p>
<ul>
<li style="list-style-type: none;">
<ul>
<li>Dormitorio: ropa de cama disponible, por favor traiga sus propias toallas.</li>
</ul>
</li>
</ul>
<p><!-- /wp:list-item --></p>
<p><!-- /wp:list --></p>								</div>
				</div>
					</div>
		</div>
					</div>
		</section>
				</div>

<p>Pisos de vacaciones con carácter propio Mis dos pisos de vacaciones se encuentran en una casa con entramado de madera del siglo XVII. Esta casa de entramado de madera ha sido habitada durante generaciones. Mis abuelos compraron esta casa con entramado de madera en pleno centro del pueblo. Por aquel entonces, el pueblo de Wolf an der Mosel aún era increíblemente animado y la comunidad del pueblo era mucho mayor. Mi abuela... </p>
<div class="clear"></div>
<p><a href="https://pension-brigitte-henkel.de/es/apartamentos-vacacionales/" class="excerpt-read-more">Continuar leyendo<i class="fa fa-long-arrow-right icon-long-arrow-right"></i></a></p>

Pensión Henkel Apartamentos vacacionales | Apartamento vacacional

Ofrecemos apartamentos y pisos vacacionales en una romántica casa de entramado de madera situada en el centro de Traben-Trarbach/Wolf, a orillas del Mosela.

Pensión Brigitte Henkel

Anfitriona con corazón en Wolf/Traben-Trarbach, a orillas del Mosela
