{"id":218,"date":"2017-01-03T00:09:43","date_gmt":"2017-01-02T23:09:43","guid":{"rendered":"https:\/\/pension-brigitte-henkel.de\/?page_id=218"},"modified":"2021-02-22T13:02:07","modified_gmt":"2021-02-22T12:02:07","slug":"vision-general","status":"publish","type":"page","link":"https:\/\/pension-brigitte-henkel.de\/es\/vision-general\/","title":{"rendered":"Resumen"},"content":{"rendered":"<h1>\u00bfQu\u00e9 puede esperar encontrar en el Mosela?<\/h1>\n<h2>Historia y edificios<\/h2>\n<div><a href=\"https:\/\/de.wikipedia.org\/wiki\/Mont_Royal_(Festungsruine)\">Mont Royal (ruinas de la fortaleza)<\/a>: Visite los \u00faltimos restos de una antigua fortaleza francesa situada en el centro de la actual Renania-Palatinado. La fortaleza fue construida entre 1678 y 1698 bajo la direcci\u00f3n del arquitecto militar S\u00e9bastien Le Prestre de Vauban. En medio de la monta\u00f1a de Traben-Trarbach se cre\u00f3 as\u00ed un complejo de 50 hect\u00e1reas. Solo la altura del muro era de 20 metros y ten\u00eda una longitud total de 2,920 km. El complejo estaba dise\u00f1ado para albergar a 8450 soldados y 3000 caballos de caballer\u00eda.<\/div>\n<div><a href=\"https:\/\/de.wikipedia.org\/wiki\/Grevenburg\">El castillo Grevenburg<\/a>: El s\u00edmbolo de la ciudad de Traben-Trarbach y ahora una bonita oportunidad para tomar un caf\u00e9 y empaparse de la historia del lugar. En 1350, Johann III von Sponheim construy\u00f3 este castillo, que se convirti\u00f3 en la nueva sede del condado de Sponheim. Sin embargo, en 1437, la dinast\u00eda de los Sponheim se extingui\u00f3 y el complejo fue conquistado por Luis XIV. \u00a0En general, la fortaleza permaneci\u00f3 bajo bandera francesa hasta que fue destruida en gran parte en 1734.<\/div>\n<table>\n<tbody>\n<tr>\n<td>\n<blockquote>\n<p style=\"text-align: center;\"><span data-offset-key=\"di076-0-0\">Eche un vistazo a todas nuestras p\u00e1ginas y visite mi pensi\u00f3n. As\u00ed podr\u00e1 comprobar por s\u00ed mismo que el Mosela es sencillamente fant\u00e1stico y todo lo que puede disfrutar aqu\u00ed. <\/span><span id=\"decorator-corrected-entity-id-9\" data-entity-key=\"9\" data-offset-key=\"di076-1-0\"><span data-offset-key=\"di076-1-0\">\u00a0 Yo<\/span><\/span><span data-offset-key=\"di076-2-0\"> Le deseo que lo disfrute mucho. <\/span><span id=\"decorator-corrected-entity-id-11\" data-entity-key=\"11\" data-offset-key=\"di076-3-0\"><span data-offset-key=\"di076-3-0\">hojear<\/span><\/span><span data-offset-key=\"di076-4-0\"> mi p\u00e1gina web. Espero que las im\u00e1genes de mi p\u00e1gina web le den una buena idea de c\u00f3mo podr\u00edan ser unas vacaciones en el Mosela.<\/span><\/p>\n<\/blockquote>\n<\/td>\n<\/tr>\n<\/tbody>\n<tbody>\n<tr>\n<td><\/td>\n<\/tr>\n<\/tbody>\n<\/table>","protected":false},"excerpt":{"rendered":"<p>\u00bfQu\u00e9 le espera en el Mosela? Historia y edificios Mont Royal (ruinas de una fortaleza): Visite las \u00faltimas murallas de una antigua fortaleza francesa en el centro de la actual Renania-Palatinado. La fortaleza fue construida entre 1678 y 1698 bajo la direcci\u00f3n del maestro de obras S\u00e9bastien Le Prestre de Vauban. En el centro de la colina de Traben-Trarbach, un... <\/p>\n<div class=\"clear\"><\/div>\n<p><a href=\"https:\/\/pension-brigitte-henkel.de\/es\/vision-general\/\" class=\"excerpt-read-more\">Continuar leyendo<i class=\"fa fa-long-arrow-right icon-long-arrow-right\"><\/i><\/a><\/p>","protected":false},"author":1,"featured_media":0,"parent":0,"menu_order":0,"comment_status":"closed","ping_status":"closed","template":"","meta":{"footnotes":""},"class_list":["post-218","page","type-page","status-publish","hentry"],"yoast_head":"<!-- This site is optimized with the Yoast SEO Premium plugin v26.4 (Yoast SEO v27.5) - https:\/\/yoast.com\/product\/yoast-seo-premium-wordpress\/ -->\n<title>Aktivit\u00e4ten und Ziele an der Mosel und besonderes Umgebung von Wolf.<\/title>\n<meta name=\"description\" content=\"Die Zusammenfassung der vielf\u00e4ltigen M\u00f6glichkeiten im unserem sch\u00f6nen Moseltal. Lassen Sie sich durch unsere Ideen inspirieren.\" \/>\n<meta name=\"robots\" content=\"index, follow, max-snippet:-1, max-image-preview:large, max-video-preview:-1\" \/>\n<link rel=\"canonical\" href=\"https:\/\/pension-brigitte-henkel.de\/es\/vision-general\/\" \/>\n<meta property=\"og:locale\" content=\"es_ES\" \/>\n<meta property=\"og:type\" content=\"article\" \/>\n<meta property=\"og:title\" content=\"\u00dcberblick\" \/>\n<meta property=\"og:description\" content=\"Die Zusammenfassung der vielf\u00e4ltigen M\u00f6glichkeiten im unserem sch\u00f6nen Moseltal. Lassen Sie sich durch unsere Ideen inspirieren.\" \/>\n<meta property=\"og:url\" content=\"https:\/\/pension-brigitte-henkel.de\/es\/vision-general\/\" \/>\n<meta property=\"og:site_name\" content=\"Pension Brigitte Henkel\" \/>\n<meta property=\"article:modified_time\" content=\"2021-02-22T12:02:07+00:00\" \/>\n<meta name=\"twitter:card\" content=\"summary_large_image\" \/>\n<meta name=\"twitter:label1\" content=\"Tiempo de lectura\" \/>\n\t<meta name=\"twitter:data1\" content=\"2 minutos\" \/>\n<!-- \/ Yoast SEO Premium plugin. -->","yoast_head_json":{"title":"Actividades y objetivos en el Mosela y en los alrededores de Wolf.","description":"El resumen de las m\u00faltiples posibilidades que ofrece nuestro hermoso valle del Mosela. D\u00e9jese inspirar por nuestras ideas.","robots":{"index":"index","follow":"follow","max-snippet":"max-snippet:-1","max-image-preview":"max-image-preview:large","max-video-preview":"max-video-preview:-1"},"canonical":"https:\/\/pension-brigitte-henkel.de\/es\/vision-general\/","og_locale":"es_ES","og_type":"article","og_title":"\u00dcberblick","og_description":"Die Zusammenfassung der vielf\u00e4ltigen M\u00f6glichkeiten im unserem sch\u00f6nen Moseltal. Lassen Sie sich durch unsere Ideen inspirieren.","og_url":"https:\/\/pension-brigitte-henkel.de\/es\/vision-general\/","og_site_name":"Pension Brigitte Henkel","article_modified_time":"2021-02-22T12:02:07+00:00","twitter_card":"summary_large_image","twitter_misc":{"Tiempo de lectura":"2 minutos"},"schema":{"@context":"https:\/\/schema.org","@graph":[{"@type":"WebPage","@id":"https:\/\/pension-brigitte-henkel.de\/ueberblick\/","url":"https:\/\/pension-brigitte-henkel.de\/ueberblick\/","name":"Actividades y objetivos en el Mosela y en los alrededores de Wolf.","isPartOf":{"@id":"https:\/\/pension-brigitte-henkel.de\/#website"},"datePublished":"2017-01-02T23:09:43+00:00","dateModified":"2021-02-22T12:02:07+00:00","description":"El resumen de las m\u00faltiples posibilidades que ofrece nuestro hermoso valle del Mosela. D\u00e9jese inspirar por nuestras ideas.","breadcrumb":{"@id":"https:\/\/pension-brigitte-henkel.de\/ueberblick\/#breadcrumb"},"inLanguage":"es","potentialAction":[{"@type":"ReadAction","target":["https:\/\/pension-brigitte-henkel.de\/ueberblick\/"]}]},{"@type":"BreadcrumbList","@id":"https:\/\/pension-brigitte-henkel.de\/ueberblick\/#breadcrumb","itemListElement":[{"@type":"ListItem","position":1,"name":"Startseite","item":"https:\/\/pension-brigitte-henkel.de\/"},{"@type":"ListItem","position":2,"name":"\u00dcberblick"}]},{"@type":"WebSite","@id":"https:\/\/pension-brigitte-henkel.de\/#website","url":"https:\/\/pension-brigitte-henkel.de\/","name":"Pensi\u00f3n Brigitte Henkel","description":"Anfitriona con coraz\u00f3n en Wolf\/Traben-Trarbach en el Mosela","publisher":{"@id":"https:\/\/pension-brigitte-henkel.de\/#organization"},"potentialAction":[{"@type":"SearchAction","target":{"@type":"EntryPoint","urlTemplate":"https:\/\/pension-brigitte-henkel.de\/?s={search_term_string}"},"query-input":{"@type":"PropertyValueSpecification","valueRequired":true,"valueName":"search_term_string"}}],"inLanguage":"es"},{"@type":"Organization","@id":"https:\/\/pension-brigitte-henkel.de\/#organization","name":"Pensi\u00f3n Brigitte Henkel","url":"https:\/\/pension-brigitte-henkel.de\/","logo":{"@type":"ImageObject","inLanguage":"es","@id":"https:\/\/pension-brigitte-henkel.de\/#\/schema\/logo\/image\/","url":"https:\/\/pension-brigitte-henkel.de\/wp-content\/uploads\/2020\/08\/Logo-transparent.png","contentUrl":"https:\/\/pension-brigitte-henkel.de\/wp-content\/uploads\/2020\/08\/Logo-transparent.png","width":534,"height":123,"caption":"Pension Brigitte Henkel"},"image":{"@id":"https:\/\/pension-brigitte-henkel.de\/#\/schema\/logo\/image\/"}}]}},"_links":{"self":[{"href":"https:\/\/pension-brigitte-henkel.de\/es\/wp-json\/wp\/v2\/pages\/218","targetHints":{"allow":["GET"]}}],"collection":[{"href":"https:\/\/pension-brigitte-henkel.de\/es\/wp-json\/wp\/v2\/pages"}],"about":[{"href":"https:\/\/pension-brigitte-henkel.de\/es\/wp-json\/wp\/v2\/types\/page"}],"author":[{"embeddable":true,"href":"https:\/\/pension-brigitte-henkel.de\/es\/wp-json\/wp\/v2\/users\/1"}],"replies":[{"embeddable":true,"href":"https:\/\/pension-brigitte-henkel.de\/es\/wp-json\/wp\/v2\/comments?post=218"}],"version-history":[{"count":0,"href":"https:\/\/pension-brigitte-henkel.de\/es\/wp-json\/wp\/v2\/pages\/218\/revisions"}],"wp:attachment":[{"href":"https:\/\/pension-brigitte-henkel.de\/es\/wp-json\/wp\/v2\/media?parent=218"}],"curies":[{"name":"wp","href":"https:\/\/api.w.org\/{rel}","templated":true}]}}

<h1>¿Qué puede esperar encontrar en el Mosela?</h1>
<h2>Historia y edificios</h2>
<div><a href="https://de.wikipedia.org/wiki/Mont_Royal_(Festungsruine)">Mont Royal (ruinas de la fortaleza)</a>: Visite los últimos restos de una antigua fortaleza francesa situada en el centro de la actual Renania-Palatinado. La fortaleza fue construida entre 1678 y 1698 bajo la dirección del arquitecto militar Sébastien Le Prestre de Vauban. En medio de la montaña de Traben-Trarbach se creó así un complejo de 50 hectáreas. Solo la altura del muro era de 20 metros y tenía una longitud total de 2,920 km. El complejo estaba diseñado para albergar a 8450 soldados y 3000 caballos de caballería.</div>
<div><a href="https://de.wikipedia.org/wiki/Grevenburg">El castillo Grevenburg</a>: El símbolo de la ciudad de Traben-Trarbach y ahora una bonita oportunidad para tomar un café y empaparse de la historia del lugar. En 1350, Johann III von Sponheim construyó este castillo, que se convirtió en la nueva sede del condado de Sponheim. Sin embargo, en 1437, la dinastía de los Sponheim se extinguió y el complejo fue conquistado por Luis XIV.  En general, la fortaleza permaneció bajo bandera francesa hasta que fue destruida en gran parte en 1734.</div>
<table>
<tbody>
<tr>
<td>
<blockquote>
<p style="text-align: center;"><span data-offset-key="di076-0-0">Eche un vistazo a todas nuestras páginas y visite mi pensión. Así podrá comprobar por sí mismo que el Mosela es sencillamente fantástico y todo lo que puede disfrutar aquí. </span><span id="decorator-corrected-entity-id-9" data-entity-key="9" data-offset-key="di076-1-0"><span data-offset-key="di076-1-0">  Yo</span></span><span data-offset-key="di076-2-0"> Le deseo que lo disfrute mucho. </span><span id="decorator-corrected-entity-id-11" data-entity-key="11" data-offset-key="di076-3-0"><span data-offset-key="di076-3-0">hojear</span></span><span data-offset-key="di076-4-0"> mi página web. Espero que las imágenes de mi página web le den una buena idea de cómo podrían ser unas vacaciones en el Mosela.</span></p>
</blockquote>
</td>
</tr>
</tbody>
<tbody>
<tr>
<td></td>
</tr>
</tbody>
</table>

<p>¿Qué le espera en el Mosela? Historia y edificios Mont Royal (ruinas de una fortaleza): Visite las últimas murallas de una antigua fortaleza francesa en el centro de la actual Renania-Palatinado. La fortaleza fue construida entre 1678 y 1698 bajo la dirección del maestro de obras Sébastien Le Prestre de Vauban. En el centro de la colina de Traben-Trarbach, un... </p>
<div class="clear"></div>
<p><a href="https://pension-brigitte-henkel.de/es/vision-general/" class="excerpt-read-more">Continuar leyendo<i class="fa fa-long-arrow-right icon-long-arrow-right"></i></a></p>

<!-- This site is optimized with the Yoast SEO Premium plugin v26.4 (Yoast SEO v27.5) - https://yoast.com/product/yoast-seo-premium-wordpress/ -->
<title>Aktivitäten und Ziele an der Mosel und besonderes Umgebung von Wolf.</title>
<meta name="description" content="Die Zusammenfassung der vielfältigen Möglichkeiten im unserem schönen Moseltal. Lassen Sie sich durch unsere Ideen inspirieren." />
<meta name="robots" content="index, follow, max-snippet:-1, max-image-preview:large, max-video-preview:-1" />
<link rel="canonical" href="https://pension-brigitte-henkel.de/es/vision-general/" />
<meta property="og:locale" content="es_ES" />
<meta property="og:type" content="article" />
<meta property="og:title" content="Überblick" />
<meta property="og:description" content="Die Zusammenfassung der vielfältigen Möglichkeiten im unserem schönen Moseltal. Lassen Sie sich durch unsere Ideen inspirieren." />
<meta property="og:url" content="https://pension-brigitte-henkel.de/es/vision-general/" />
<meta property="og:site_name" content="Pension Brigitte Henkel" />
<meta property="article:modified_time" content="2021-02-22T12:02:07+00:00" />
<meta name="twitter:card" content="summary_large_image" />
<meta name="twitter:label1" content="Tiempo de lectura" />
	<meta name="twitter:data1" content="2 minutos" />
<!-- / Yoast SEO Premium plugin. -->

El resumen de las múltiples posibilidades que ofrece nuestro hermoso valle del Mosela. Déjese inspirar por nuestras ideas.

Überblick

Die Zusammenfassung der vielfältigen Möglichkeiten im unserem schönen Moseltal. Lassen Sie sich durch unsere Ideen inspirieren.

Pensión Brigitte Henkel

Anfitriona con corazón en Wolf/Traben-Trarbach en el Mosela
